 3) + -3. Suppose -7*l + 4*l = 2*x - 574, 0 = -5*l - b*x + 958. What is the tens digit of l?
9
Suppose 0 = 2*t + f + f + 54, 3*t + f + 81 = 0. Let j = -21 - t. Let y(c) = c**3 - 5*c**2 + 5*c + 1. What is the units digit of y(j)?
7
Suppose -1870 = -g + 5*l + 2777, -g + 4*l = -4649. What is the units digit of g?
7
Suppose -90*u = -112*u + 755700. What is the ten thousands digit of u?
3
Suppose -6*j = 476 - 74. What is the hundreds digit of (15 - 16)*10*j?
6
Let c be 140/15*144/(-64). Let w(g) = g**2 - 19*g - 46. What is the units digit of w(c)?
4
Suppose 60 = m + 14*m. Suppose 2*r = 5*b - 304, -39 = -3*b + m*r + 149. What is the tens digit of b?
6
Let z = -510 - -514. Suppose -3 = -3*b, -2*w - z*b - 1610 = -4*w. What is the hundreds digit of w?
8
Suppose -2*x = 5*o + 4, -x - 5*o = -5*x + 22. Suppose 6 = x*i, 9*d - 278 = 8*d + 4*i. What is the tens digit of d?
8
Suppose -32*o + 34*o - 17 = -3*r, 4*r - 2*o = 4. Suppose -4808 = -4*p - r*g, -6*g + 5*g - 5991 = -5*p. What is the hundreds digit of p?
1
Let q be 388/(-6)*(-44 - -32). Suppose 4*x - 3*a - q = a, -x + 179 = 2*a. What is the tens digit of x?
8
Let p = -11763 - -19156. What is the units digit of p?
3
Suppose -w = z - 967, -1473*z - w + 4815 = -1468*z. What is the units digit of z?
2
Let j(t) = -t**3 - 2*t**2 + 3*t + 2. Let a be j(-3). Suppose -4*c + a*b = -c - 1576, 5*c - 3*b = 2627. What is the units digit of c?
6
Suppose -4*s + 5 + 31 = 0. Suppose s*v + b + 1299 = 10*v, -b + 1301 = v. What is the hundreds digit of v?
3
Let u(y) = 5*y + 43. Let r be u(-7). Suppose -10 - 22 = -r*l. Suppose g + 12*v - 13*v - 113 = 0, 0 = -3*g + l*v + 338. What is the units digit of g?
4
Suppose 37238 + 78176 = 26*m. What is the tens digit of m?
3
Suppose -c - 2*r = 2*c + 3, 5*r - 6 = -3*c. Let o(l) = -l**3 - 5. What is the units digit of o(c)?
2
Suppose 0 = 54*t - 73*t + 138073. What is the thousands digit of t?
7
Let t = -698 + 2039. Suppose -9*s = -t - 486. What is the hundreds digit of s?
2
Let y = -381 - 35. Let x = 793 + y. What is the tens digit of x?
7
Let q(u) = -21*u**3 - 4*u**2 - u + 6. Let w be q(-5). Suppose 0 = -16*j + 12*j - w. What is the tens digit of j/(-14) - (-6)/(-21)?
4
Let u(t) = -4*t**3 - 1 + t**3 - 7*t**2 + 4*t + 4*t**3 + 3. Let q be u(6). What is the units digit of (-4)/10 + (-34)/q?
3
Let f(w) = -2*w**2 + 8*w + 14. Let a be f(8). Let k = 43 + a. Let m(q) = q**3 + 8*q**2 + 4. What is the tens digit of m(k)?
5
Suppose 3*b = -4*p + 116087, -107*p = -102*p + 4*b - 145110. What is the tens digit of p?
1
What is the tens digit of (-4381)/(-52)*(2 - -10)?
1
Let m(n) = 4*n**2 - 2*n. Suppose 5*k + 6*c - 2*c = 41, 4*k - 16 = c. Let d(z) = z**2. Let y(s) = k*d(s) + m(s). What is the units digit of y(1)?
7
Let y be (1 - -4)*3 - (0 - 5). Suppose y*k - 6496 = 12*k. What is the units digit of k?
2
Let m(a) = 102*a**2 + 62*a - 48. What is the thousands digit of m(-7)?
4
Let s(h) = -29*h**3 + h**2 - 4*h - 6. Let n = -15 + 29. Let k = -16 + n. What is the hundreds digit of s(k)?
2
What is the units digit of 8504*((-615)/(-60) + -8)?
4
Suppose 68*s = 63*s + 590. Let b = 89 + s. Let l = b + -75. What is the tens digit of l?
3
Let k = 568 + -567. What is the units digit of k*36/((-1)/(-21)*3)?
2
Let y(s) = -2*s**3 - 4*s**2 - 22*s + 3005. What is the hundreds digit of y(0)?
0
Let b be (10/(-25))/((-14)/(-35)). What is the hundreds digit of (4590/(-25))/(0 + b/5)?
9
Suppose 3*z - 102696 = -5*j, 3*j = 61*z - 58*z + 61608. What is the thousands digit of j?
0
Let n(q) = 31*q + 76. Let t(r) = -21*r - 51. Let k(v) = 5*n(v) + 7*t(v). Let b be (-2 - -2)/(2 - 0) + (-27 - -33). What is the tens digit of k(b)?
7
Let o(q) = -5119*q**3 - 10*q**2 - 17*q - 1. What is the units digit of o(-2)?
5
Let l(n) = 10*n**3 + 3*n**2 + 7*n + 1. Let m be l(-2). Let j = 482 - m. What is the tens digit of j?
6
Suppose -17 = -3*z - 3*l - 2*l, 4*z + 2*l - 46 = 0. What is the thousands digit of 2 - ((-4)/z - (-260040)/(-231))?
1
Let u = -86391 - -173741. What is the ten thousands digit of u?
8
Let h = -26 + 35. Let u = h + -4. Suppose -6*w + u*w = -49. What is the tens digit of w?
4
Let w = 275 - -723. Let a = w - 606. What is the units digit of a?
2
Suppose 278*h - 538*h = -272*h + 210996. What is the tens digit of h?
8
Let w(g) = g + 541. Let i = 199 - 199. What is the units digit of w(i)?
1
Let i be (-2)/(-4) - (100/8)/(-5). Suppose -7 = -2*j + i*d, 0 = 5*d - 5 - 10. Let x(b) = 2*b + 11. What is the tens digit of x(j)?
2
Let o = 797 + 304. Suppose 270 + o = 3*c. What is the tens digit of c?
5
Let x = 508 + 36. Suppose 738 = -541*q + x*q. What is the units digit of q?
6
Let l be -1 + 94 + -3 + 4. Let x be (-3 + 4)/((-4)/(-520)*-2). Let i = x + l. What is the tens digit of i?
2
Let z(q) = q**3 - q**2 - q + 2. Let l be z(0). Suppose -l*b + 0*b + 628 = 0. What is the hundreds digit of b?
3
Suppose -16*r = -30*r + 882. Suppose 0 = 3*c - 7*c - 3*h + r, 3*c - 42 = 3*h. What is the units digit of c?
5
Let u be ((15/9)/1)/(7/42). Let s(q) = 5*q**2 + 14*q - 245. What is the hundreds digit of s(u)?
3
Suppose 2*a - 8 = 0, -10*y - 3548 = -22*y + a. Let r be 131 + 0 + -1 + 1. Let o = y - r. What is the units digit of o?
5
Let o be 22/99 + (-9842)/(-18) - 2. Suppose s + 136 = o. What is the hundreds digit of s?
4
Let a = -31 + 29. Let v(c) = -54*c + 2. Let b be v(a). Suppose -3*t + 16 = -b. What is the tens digit of t?
4
Let z(c) = 10*c**2 - 35*c + 40*c + 1 + c**3 + 8. Let l(h) = -h**3 + 2*h**2 - h - 2. Let i be l(2). What is the units digit of z(i)?
5
Let i be (-1*1)/((-6)/24*-4). Let s(a) = -3*a - 2*a - 3 + 7*a**2 + 0 + 2*a. What is the units digit of s(i)?
7
What is the ten thousands digit of 1 - (163196/(-11))/((-4)/(-6))?
2
Let h(i) = -9*i - 54. Suppose 4*d + 0*v + 34 = 2*v, -4*v = -d + 2. Let x be h(d). Suppose -q - x = -211. What is the tens digit of q?
7
Let k be 1/(2/(-10)*(-75)/(-10740)). Let p = k + 1958. What is the hundreds digit of p?
2
Let b(x) = 241*x - 15. Let h be b(5). Suppose 6*g - h = g. What is the tens digit of g?
3
Suppose -5*a - 1960 = -j - j, 4*j - 5*a = 3920. Suppose 17*o = 16*o + j. What is the units digit of o?
0
Suppose 9*t + 10800 = 24*t. Suppose -169*s = -161*s - t. What is the units digit of s?
0
Let f(d) = d**3 - 6*d**2 - 13*d + 80. Let k be f(6). Suppose -5*i + k*v = -2396, i - 3*v = 690 - 203. What is the hundreds digit of i?
4
Suppose 0 = z - 5*z - 4, 3*g = -4*z + 776. Suppose -f + g = -6*f. Let v = 80 - f. What is the hundreds digit of v?
1
Let f = 3394 + -1394. What is the units digit of f?
0
Suppose -2*p + 1927 + 47 = 0. Suppose u = 5*m + 2963, -3*m + u = p + 790. Let n = -387 - m. What is the hundreds digit of n?
2
Let t(r) be the first derivative of 283*r**2/2 - 34*r - 173. What is the tens digit of t(4)?
9
Let n(s) = -1223*s - 1920. What is the thousands digit of n(-8)?
7
Let a(v) = v + 1. Let f(j) = -8*j + 26. Let p(c) = -a(c) + f(c). Let l = 1105 + -1112. What is the tens digit of p(l)?
8
Suppose 7*g + 3*d + 66957 = 12*g, -26770 = -2*g - 2*d. What is the ten thousands digit of g?
1
Suppose h - 4*p = 238 + 8, 2*h = -5*p + 427. Let y(z) = 73*z + 1. Let l be y(1). Suppose l = 4*g - h. What is the units digit of g?
5
Suppose -1572734 = -5*f - 61*f + 256720. What is the thousands digit of f?
7
Let r = 13 + -11. Suppose 12 = r*o + 4*o. Suppose o*i - 148 = -4*k, 0 = -3*i - 0*i. What is the tens digit of k?
3
Suppose 16*r + 22*r = -28*r + 482526. What is the units digit of r?
1
Suppose -54*o + 15*o + 2408330 = 76*o. What is the hundreds digit of o?
9
Let b(j) = -j - 12. Let q be b(-12). Suppose q = -3*o + 2*g - 730, -140 - 1076 = 5*o - 3*g. Let h = o - -386. What is the units digit of h?
4
Let t = 155 - 153. Suppose 204 = 4*o - t*j, 0 = -4*o - 4*j - 99 + 327. What is the tens digit of o?
5
Let w(r) = -r**2 - 7*r - 6. Let v be w(-4). Suppose v*p + 5 = -13. What is the units digit of p*(49/(-3) - 2)?
5
Let v(i) = 17*i - 7. Let n be v(-5). Suppose -3*g - 26 = -3*q + 457, q - 158 = -2*g. Let r = q + n. What is the tens digit of r?
6
Let z(q) = q**3 + 21*q**2 + 15*q - 13. Let x be z(-17). Let t = 1370 - x. What is the units digit of t?
2
Let a(c) = c**2 - 2*c - 31. Let t = 35 - 9. Let j = -35 + t. What is the units digit of a(j)?
8
Let u(r) = 3*r**3 - 2*r**2 - 2. Let a be u(3). Let x = 698 - 749. Let m = a + x. 